{"id":27177,"date":"2026-04-16T21:04:09","date_gmt":"2026-04-16T19:04:09","guid":{"rendered":"https:\/\/alertasecurity.com.pe\/store\/?post_type=product&#038;p=27177"},"modified":"2026-04-16T21:04:12","modified_gmt":"2026-04-16T19:04:12","slug":"uvc-g6-ins-w-camara-unifi-protect-g6-instant-con-wifi-4k-sensor-de-imagen-8mp-1-1-8-multi-tops-ai-audio-bidireccional-vision-nocturna-ir-proteccion-ipx5-reconocimiento-facial-y-de-matricula","status":"publish","type":"product","link":"https:\/\/alertasecurity.com.pe\/store\/product\/uvc-g6-ins-w-camara-unifi-protect-g6-instant-con-wifi-4k-sensor-de-imagen-8mp-1-1-8-multi-tops-ai-audio-bidireccional-vision-nocturna-ir-proteccion-ipx5-reconocimiento-facial-y-de-matricula\/","title":{"rendered":"UVC-G6-INS-W &#8211; Camara UniFi Protect G6 Instant con WiFi, 4K, Sensor de Imagen 8MP 1\/1.8&#8243;, Multi-TOPS AI, Audio Bidireccional, Visi\u00f3n Nocturna IR, Protecci\u00f3n IPX5, Reconocimiento Facial y de Matr\u00edcula"},"content":{"rendered":"","protected":false},"excerpt":{"rendered":"","protected":false},"featured_media":0,"comment_status":"open","ping_status":"closed","template":"","meta":{"rs_blank_template":"","rs_page_bg_color":"","slide_template_v7":""},"product_brand":[],"product_cat":[236],"product_tag":[],"class_list":{"0":"post-27177","1":"product","2":"type-product","3":"status-publish","5":"product_cat-camaras-de-seguridad","7":"first","8":"instock","9":"shipping-taxable","10":"purchasable","11":"product-type-simple"},"_links":{"self":[{"href":"https:\/\/alertasecurity.com.pe\/store\/wp-json\/wp\/v2\/product\/27177","targetHints":{"allow":["GET"]}}],"collection":[{"href":"https:\/\/alertasecurity.com.pe\/store\/wp-json\/wp\/v2\/product"}],"about":[{"href":"https:\/\/alertasecurity.com.pe\/store\/wp-json\/wp\/v2\/types\/product"}],"replies":[{"embeddable":true,"href":"https:\/\/alertasecurity.com.pe\/store\/wp-json\/wp\/v2\/comments?post=27177"}],"version-history":[{"count":1,"href":"https:\/\/alertasecurity.com.pe\/store\/wp-json\/wp\/v2\/product\/27177\/revisions"}],"predecessor-version":[{"id":27207,"href":"https:\/\/alertasecurity.com.pe\/store\/wp-json\/wp\/v2\/product\/27177\/revisions\/27207"}],"wp:attachment":[{"href":"https:\/\/alertasecurity.com.pe\/store\/wp-json\/wp\/v2\/media?parent=27177"}],"wp:term":[{"taxonomy":"product_brand","embeddable":true,"href":"https:\/\/alertasecurity.com.pe\/store\/wp-json\/wp\/v2\/product_brand?post=27177"},{"taxonomy":"product_cat","embeddable":true,"href":"https:\/\/alertasecurity.com.pe\/store\/wp-json\/wp\/v2\/product_cat?post=27177"},{"taxonomy":"product_tag","embeddable":true,"href":"https:\/\/alertasecurity.com.pe\/store\/wp-json\/wp\/v2\/product_tag?post=27177"}],"curies":[{"name":"wp","href":"https:\/\/api.w.org\/{rel}","templated":true}]}}