{"id":20424,"date":"2026-04-16T20:50:38","date_gmt":"2026-04-16T18:50:38","guid":{"rendered":"https:\/\/alertasecurity.com.pe\/store\/?post_type=product&#038;p=20424"},"modified":"2026-04-16T20:50:41","modified_gmt":"2026-04-16T18:50:41","slug":"tarjeta-micro-sd-imou-32gb-exclusivo-para-videovigilancia","status":"publish","type":"product","link":"https:\/\/alertasecurity.com.pe\/store\/product\/tarjeta-micro-sd-imou-32gb-exclusivo-para-videovigilancia\/","title":{"rendered":"TARJETA MICRO SD IMOU 32GB (EXCLUSIVO PARA VIDEOVIGILANCIA)"},"content":{"rendered":"<h2>TARJETA MICRO SD IMOU 32GB (EXCLUSIVO PARA VIDEOVIGILANCIA)<\/h2>\n<p>C\u00f3digo: ST2-32-S1-IMOU<\/p>\n<p>La tarjeta de memoria microSD Imou S1 es una de las series de tarjetas de alta velocidad. El grado de velocidad puede alcanzar la Clase 10, U1 y V10, que puede cumplir con el uso diario de c\u00e1maras digitales, tel\u00e9fonos m\u00f3viles, computadoras port\u00e1tiles, consolas de juegos, etc., lo que le permite leer y escribir datos como fotos, audio y video y disfrutar del experiencia de velocidad.<\/p>\n","protected":false},"excerpt":{"rendered":"<p>TARJETA MICRO SD IMOU 32GB (EXCLUSIVO PARA VIDEOVIGILANCIA) C\u00f3digo: ST2-32-S1-IMOU La tarjeta de memoria microSD Imou S1 es una de<\/p>\n","protected":false},"featured_media":0,"comment_status":"closed","ping_status":"closed","template":"","meta":{"rs_blank_template":"","rs_page_bg_color":"","slide_template_v7":""},"product_brand":[],"product_cat":[273],"product_tag":[],"class_list":{"0":"post-20424","1":"product","2":"type-product","3":"status-publish","5":"product_cat-discos-duros-y-memorias-sd","7":"first","8":"instock","9":"sale","10":"shipping-taxable","11":"purchasable","12":"product-type-simple"},"_links":{"self":[{"href":"https:\/\/alertasecurity.com.pe\/store\/wp-json\/wp\/v2\/product\/20424","targetHints":{"allow":["GET"]}}],"collection":[{"href":"https:\/\/alertasecurity.com.pe\/store\/wp-json\/wp\/v2\/product"}],"about":[{"href":"https:\/\/alertasecurity.com.pe\/store\/wp-json\/wp\/v2\/types\/product"}],"replies":[{"embeddable":true,"href":"https:\/\/alertasecurity.com.pe\/store\/wp-json\/wp\/v2\/comments?post=20424"}],"version-history":[{"count":1,"href":"https:\/\/alertasecurity.com.pe\/store\/wp-json\/wp\/v2\/product\/20424\/revisions"}],"predecessor-version":[{"id":20454,"href":"https:\/\/alertasecurity.com.pe\/store\/wp-json\/wp\/v2\/product\/20424\/revisions\/20454"}],"wp:attachment":[{"href":"https:\/\/alertasecurity.com.pe\/store\/wp-json\/wp\/v2\/media?parent=20424"}],"wp:term":[{"taxonomy":"product_brand","embeddable":true,"href":"https:\/\/alertasecurity.com.pe\/store\/wp-json\/wp\/v2\/product_brand?post=20424"},{"taxonomy":"product_cat","embeddable":true,"href":"https:\/\/alertasecurity.com.pe\/store\/wp-json\/wp\/v2\/product_cat?post=20424"},{"taxonomy":"product_tag","embeddable":true,"href":"https:\/\/alertasecurity.com.pe\/store\/wp-json\/wp\/v2\/product_tag?post=20424"}],"curies":[{"name":"wp","href":"https:\/\/api.w.org\/{rel}","templated":true}]}}